 = k - 10. Let s(g) = -2*g + 37. Let c be s(15). Give p(c).
-3
Let o(n) = -10*n - 3*n**3 + 4*n**3 - 1505 + 1501 - 8*n**2. Determine o(9).
-13
Let h(y) be the third derivative of 1/6*y**3 + 0*y + 5/24*y**4 + y**2 + 0. Suppose -11 = -2*m - 1, -4*s - m + 13 = 0. Give h(s).
11
Let p(j) = j**2 - j. Let v(m) = m**3 - m**2 + 5. Let f be v(0). Let n(a) = -a**2 + 7*a - 15. Let y be n(f). Determine p(y).
30
Let k(n) = -1. Let g(y) = -6*y + 13*y - 3*y + 7 - 5*y. Let z(i) = 2*i - 15. Let h(o) = -7*g(o) - 3*z(o). Let d(q) = h(q) - 2*k(q). Determine d(2).
0
Let f(c) = 4*c - 107. Let u(k) = k - 26. Let n(q) = -2*f(q) + 9*u(q). What is n(0)?
-20
Let y(h) = 6*h + 11*h - 8*h + 3 - 10*h. Determine y(0).
3
Let p = -1641 + 1637. Let x(r) = -2*r**3 - 5*r**2 + 3*r + 3. Give x(p).
39
Let o = 4 - 4. Let c(j) = j**3 - j**2 + 28. Let v be c(o). Suppose p - 5*p = v. Let r(b) = -b**2 - 7*b - 2. Determine r(p).
-2
Let z(f) be the second derivative of -f**3/6 - 9*f**2/2 - 3*f. Let m = -255 + 251. Calculate z(m).
-5
Let h(d) = -d. Suppose 0 = -3*s - 29 - 7. Suppose -2*a - 5*y = 7, -2*y + 3 = 2*a + y. Let t = s + a. Determine h(t).
3
Let i = 0 - 7. Let r(x) = 71*x**2 + 10 - 79*x**2 - 6*x - 6*x + 3*x - x**3 + 3*x. Give r(i).
3
Let g be ((-2)/(-4))/((-12)/(-696)). Let x(k) be the first derivative of -1 + 29*k + k**2 + 0*k**2 - g*k. Calculate x(-2).
-4
Let m(z) = -19*z**2 - z. Suppose -h + 14 = 5*j + 5, 0 = -4*j + h. Determine m(j).
-20
Let f(t) be the first derivative of -t**4/4 - 11*t**3/3 + 2*t**2 + 3*t + 394. Give f(-11).
-41
Let j(w) be the first derivative of w**3/3 + 3*w**2 + 8*w - 13. Let p be j(-6). Let i(o) = o**2 - 8*o - 7. Calculate i(p).
-7
Let t(z) = 7*z + 2. Let p be 3/6*(-5)/((-25)/(-30)). Calculate t(p).
-19
Let z(m) = -2*m - 4. Let d be (-120)/(-70)*(-21)/(-9). What is z(d)?
-12
Let x(d) be the third derivative of -d**6/120 + d**4/6 - d**3/2 - 7*d**2 - 52. Let f = 8 + -6. Give x(f).
-3
Let p(c) = -c**2 - 3*c - 2. Suppose 4*k = 20, y - 2*k = -3*y - 210. Let v be y/(-4) + (-4)/8. Suppose 6*o + v = 2*o. Calculate p(o).
-2
Let k(t) = -3*t**2 + 17*t - 1. Let v(j) = -5*j**2 + 26*j - 2. Let f(c) = 8*k(c) - 5*v(c). Let o(p) = -6 + 2 + 3*p + 5 - 2*p**2. Let x be o(-1). What is f(x)?
-6
Suppose -4*c + 5*w - 31 = 0, -3*c = -0*w + 4*w + 31. Let p = c + 12. Suppose q + p*q = 0. Let o(y) = -y - 5. Give o(q).
-5
Let d(g) = -g**3 - g**2 - 1. Let z(l) = -5*l**3 - 14*l**2 + l. Let m(i) = -4*d(i) + z(i). Calculate m(-10).
-6
Let s(y) = -y**2 + y - 1. Let q(o) = -5*o**2 + 2*o - 9. Let v(m) = -q(m) + 6*s(m). Let l = 118 - 112. Calculate v(l).
-9
Let r(q) = 2*q**2 + 10*q + 15. Let v be r(-2). Suppose 10*t + v = 7*t. Let h(i) = 2*i**3 + i**2. Determine h(t).
-1
Let i(t) be the third derivative of -t**6/120 - 3*t**5/20 + t**4/2 + 11*t**3/3 + t**2 + 84. Determine i(-10).
2
Let x(d) = d**3 - 5*d**2 - 5*d - 10. Let h(g) = -3*g**3 + 14*g**2 + 15*g + 29. Let i(f) = -6*h(f) - 17*x(f). What is i(-3)?
-7
Let g(x) = x + 7. Let y(t) = -t - 6. Suppose 0 = 2*s + s - 27. Suppose -m - s = 2*m. Let z(k) = m*g(k) - 4*y(k). Determine z(-4).
-1
Let r(t) = t**2 + 1. Let z(a) = a**3 - a**2 + 2*a - 3. Let b(k) = 4*r(k) - z(k). Suppose -3*d = -5*g + 25, -g + d = -5 - 0. Determine b(g).
-3
Let o(q) = 9*q - 1. Suppose 78 = -14*f + 64. What is o(f)?
-10
Let g(f) = f**3 - f - 36. Suppose -4*w + 8 = -4*s, -3*s - 5*w + 5 = -5. Calculate g(s).
-36
Let o(l) = -17*l**3 - 2*l**2 + 2*l + 9. Let i(m) = 30*m**3 + 5*m**2 - 4*m - 18. Let z(b) = -4*i(b) - 7*o(b). Calculate z(-6).
-3
Let d(c) = 7*c - 3. Let a(u) = -6*u + 4. Let z(x) = -5*a(x) - 4*d(x). What is z(7)?
6
Let n(y) = 13*y + 1 - 31*y + 17*y + 4*y. Give n(-5).
-14
Let b(q) be the first derivative of q**2/2 + 4*q - 9. Let j(g) = g + 5. Let l(t) = -3*b(t) + 2*j(t). Calculate l(-3).
1
Let k(l) = 10 - 45*l**3 - 53*l**3 + 9*l**2 + 97*l**3 - 8*l. Determine k(8).
10
Let t(h) = 53*h - 40. Let a(r) = -20*r + 14. Let g(u) = -8*a(u) - 3*t(u). Determine g(-3).
5
Let s(d) = 5*d. Suppose -22*x + 2 = -23*x. What is s(x)?
-10
Let a(n) = -n**3 + 8*n**2 + 13*n + 60. Let s be a(10). Let h(q) = q**3 + 9*q**2 - 8*q + 11. Calculate h(s).
-9
Let y(t) = 7*t - 29. Let f(c) = -8*c + 27. Let l(o) = -4*f(o) - 5*y(o). Give l(13).
-2
Let o(z) = -2*z**3 + z**3 - 3*z**2 - z - 5*z**2 + 2*z**2 - 4. Let j be (-92)/(-3) - 22/33. Let r be 1/(-5) + (-174)/j. Give o(r).
2
Let k(u) = -2*u**2 + 13*u - 5. Let t be k(6). Let p be t/(-3)*3 + 1. Let l(q) = 0 + 5 + p*q + 2 + q. Determine l(-3).
4
Let t(d) = -3*d. Let n(p) = -26*p. Let f(q) = -4*n(q) + 39*t(q). Let r(z) = 3*z + 5. Let v be r(-2). What is f(v)?
13
Let r = 236 + -239. Let x(z) = -z - 8. Determine x(r).
-5
Suppose 4*i = -5*t - 0 + 3, -5*i - 4*t + 6 = 0. Let a(k) = -3*k + 5 + i*k - 2 + 3. Calculate a(11).
-5
Let d(y) be the first derivative of y**2/2 + 5*y - 6. What is d(-10)?
-5
Let u(g) be the first derivative of 2*g + 1/3*g**3 - 9/2*g**2 + 20. Calculate u(7).
-12
Let y = 207 - 207. Let m(x) = -x**3 - x**2 + x - 23. Give m(y).
-23
Let c(h) = -h**2 + 5*h + 5. Let o(p) be the third derivative of p**6/120 + 2*p**5/15 + 7*p**4/24 + p**3 + 8*p**2. Let j be o(-7). Determine c(j).
-1
Let d(w) = 3*w**2 + 9*w + 8. Let v(j) = 2*j**2 + 4*j + 9. Let m(x) = -2*x**2 - 4*x - 10. Let a(i) = 5*m(i) + 6*v(i). Let f(h) = 5*a(h) - 3*d(h). Give f(7).
-4
Let a(l) = 754*l - l**2 - 754*l + 4*l**3 - 5*l**3. Let z(s) = -3*s**3 - 3*s**2 + 4*s + 3. Let b(v) = 2*a(v) - z(v). Calculate b(-3).
-9
Let l(f) = -11*f - 61. Let i be l(-6). Let y(h) = 5 - i + 0*h - 2*h. Calculate y(-2).
4
Let r(x) = -3 - x**2 + 87*x**3 - 11*x + 7*x - 7*x**2 - 5*x - 88*x**3. What is r(-7)?
11
Let h(i) be the third derivative of -i**4/12 + i**3/6 + 2*i**2 + 8. Let a(v) = v**3 - 6*v**2 - 6*v - 2. Let p be a(7). Let s = p - 4. Determine h(s).
-1
Suppose -2*o = 9*o - 33. Let l(w) be the third derivative of 6*w**2 - 1/6*w**o + 0 + 1/24*w**4 + 0*w. Give l(7).
6
Let i(s) = -s. Suppose -5 + 1 = -2*q. Let v(w) = -w**3 - 8*w**2 + w + 8. Let l be v(-8). Suppose 2*d - q*f + 0*f + 16 = 0, l = 2*d - f + 14. Calculate i(d).
6
Let d(g) = g**3 - 9*g**2 + g - 6. Let l be (4/(-7))/(3/(-21)). Suppose -3*c + 5*q + 2 = 0, -7*q + l*q = c - 24. Calculate d(c).
3
Let c(y) = 2*y**2 + 6*y + 2. Let h be c(-3). Let g(b) = b**h - 45*b**3 + 23*b**3 + 24*b**3. Determine g(2).
20
Let o(r) = -6*r - 10. Let w be o(-5). Suppose w = 6*f + 2. Let y(t) = 2*t + 2. What is y(f)?
8
Let b(p) = 198*p - 199*p + 26 - 7. Calculate b(14).
5
Let z(c) = 24*c**2 + 8*c - 14*c**2 + 10*c - 9*c**2 + 16. Calculate z(-12).
-56
Let h(a) = a + 6 - 43*a**3 + 6*a**2 - 44*a**3 + 88*a**3. Determine h(-6).
0
Let d(f) be the first derivative of f**4/24 + 5*f**3/6 + 2*f**2 - 1. Let c(l) be the second derivative of d(l). Calculate c(5).
10
Let f = -6 - -9. Let d be 3/(f + 27/(-6)). Let t(y) = -2*y**3 - 9*y**2 + y - 5. Let s(o) = -o**3 - 4*o**2 + o - 2. Let i(p) = d*t(p) + 5*s(p). What is i(-3)?
0
Let i(y) be the first derivative of 5 + 0*y**3 + 3/4*y**4 - y**2 - y. Let t = 13 + -14. Give i(t).
-2
Let i(j) = 10*j**2 - 57*j - 16. Let y(x) = -27*x**2 + 170*x + 50. Let w(u) = 11*i(u) + 4*y(u). Calculate w(-26).
-2
Let f be (140/(-245))/(1*4/(-14)). Let a(h) be the third derivative of 7*h**4/24 + h**3/6 - 8*h**2. What is a(f)?
15
Let c be (-4)/10 + 88/20. Suppose 2*b - 7*b = 4*g + 15, c*b = -4*g - 16. Let d(o) = -o**3 - 6*o**2 - 6*o - 1. Determine d(g).
4
Suppose 17 = 5*v - 3. Suppose 2*n + 4 = -2*n + 5*u, 3*u - v = 2*n. Let k(f) = 10*f**2 + 6*f**2 + 3 + 4*f - 13*f**2 - 2 - f**3. Give k(n).
1
Suppose 13*v = 14 + 25. Let z(t) = 3*t - 7. Determine z(v).
2
Let b(k) = k**2 + 25*k - 16. Let m be b(-25). Let a(r) = r**2 + 17*r + 19. Determine a(m).
3
Let m(k) be the second derivative of -5*k**4/24 + k**3/6 - 17*k**2/2 - 16*k. Let b(g) be the first derivative of m(g). Let i be (-6)/(1 - -1) - -1. Give b(i).
11
Let w(y) = 2*y**2 - 25*y - 106. Let u be w(16). Let c(o) = o**2 - 9*o + 10. Give c(u).
-8
Let n(m) = -8*m - 16. Let a(t) = -5*t - 8. Let y(l) = -5*a(l) + 3*n(l). Calculate y(13).
5
Let u(m) be the first derivative of -m**3/3 + 5*m**2 - 7*m - 1. What is u(8)?
9
Let s(a) be the second derivative of -a**4/12 - 4*a**3/3 - 11*a**2/2 - 627*a. Give s(-7).
-4
Let w = -7 + 14. Let q(m) = m**2 - 5*m - 9. Let p(u) = -u**2 + 5*u + 9. Let i(t) = -3*p(t) - 2*q(t). Give i(w).
5
L